ltiple of 46?
True
Is 15 a factor of 2715990?
True
Is 9 a factor of 4392024?
False
Is 735885 a multiple of 15?
True
Does 5 divide 5662081?
False
Is 1312119 a multiple of 647?
False
Is 5 a factor of 7953000?
True
Is 4296437 a multiple of 6?
False
Is 139240 a multiple of 57?
False
Is 33 a factor of 1240602?
True
Does 634 divide 2757900?
True
Is 180632 even?
True
Does 111 divide 351204?
True
Does 755 divide 345578?
False
Is 552750 a multiple of 150?
True
Does 14 divide 3849818?
True
Is 40 a factor of 485249?
False
Is 14 a factor of 1139534?
False
Is 22 a factor of 141879?
False
Does 487 divide 3347638?
True
Is 24 a factor of 2044157?
False
Does 395 divide 206585?
True
Is 1109 a factor of 9102672?
True
Does 19 divide 2590643?
False
Does 123 divide 589785?
True
Is 1181344 a multiple of 608?
True
Does 12 divide 2664?
True
Is 138802 a multiple of 218?
False
Is 37 a factor of 304097?
False
Does 41 divide 605802?
False
Is 116520 a multiple of 10?
True
Is 11039145 a multiple of 15?
True
Does 12 divide 3131621?
False
Does 39 divide 213057?
True
Does 1008 divide 615888?
True
Does 17 divide 4479721?
True
Is 27726618 a multiple of 1142?
True
Does 7 divide 21441?
True
Is 17 a factor of 4475210?
False
Is 106 a factor of 6554276?
False
Is 709 a factor of 1277707?
False
Does 90 divide 3788187?
False
Does 10 divide 51997?
False
Does 22 divide 239951?
False
Does 26 divide 845754?
True
Does 6 divide 27576?
True
Is 255960 a multiple of 9?
True
Is 3 a factor of 45337?
False
Does 11 divide 9267379?
True
Does 9 divide 964?
False
Is 78843 a multiple of 15?
False
Does 5 divide 193388?
False
Does 10 divide 170146?
False
Is 25 a factor of 71971?
False
Is 62 a factor of 132316?
False
Is 345030 a multiple of 62?
True
Is 20 a factor of 40720?
True
Does 492 divide 8277900?
True
Is 20 a factor of 341160?
True
Is 588 a factor of 306936?
True
Is 4563456 a multiple of 3?
True
Is 6882772 a multiple of 52?
True
Does 64 divide 75332?
False
Does 6 divide 954763?
False
Is 8203566 a multiple of 74?
True
Does 17 divide 441303?
True
Is 272510 a multiple of 119?
True
Is 17 a factor of 103054?
True
Does 9 divide 90531?
True
Is 397615 a multiple of 281?
True
Does 20 divide 26560?
True
Does 592 divide 1837568?
True
Is 1129568 a multiple of 496?
False
Is 10722768 a multiple of 329?
True
Is 1347484 a multiple of 325?
False
Is 45 a factor of 39588?
False
Is 1369432 a multiple of 209?
False
Is 712244 a multiple of 52?
True
Is 8 a factor of 854526?
False
Is 268580 a multiple of 65?
True
Is 279544 a multiple of 664?
True
Is 47 a factor of 180856?
True
Is 10 a factor of 12374236?
False
Does 12 divide 2124035?
False
Does 326 divide 83105?
False
Does 43 divide 2955863?
True
Is 279 a factor of 235755?
True
Does 16 divide 333728?
True
Is 159397 a multiple of 11?
False
Is 463 a factor of 578278?
False
Is 667 a factor of 2501600?
False
Is 41 a factor of 11165530?
True
Is 155547 a multiple of 21?
True
Does 92 divide 135240?
True
Is 255312 a multiple of 6?
True
Is 12 a factor of 965929?
False
Is 964 a factor of 20133488?
False
Is 105 a factor of 7247944?
False
Is 689811 a multiple of 306?
False
Is 12 a factor of 14392822?
False
Does 19 divide 1547797?
True
Is 1118936 a multiple of 424?
True
Is 11 a factor of 95777?
True
Is 12 a factor of 838921?
False
Is 17 a factor of 2050731?
False
Is 2342350 a multiple of 25?
True
Is 32 a factor of 5761658?
False
Does 97 divide 3833805?
False
Is 46 a factor of 569490?
False
Is 143136 a multiple of 168?
True
Is 61 a factor of 150718?
False
Does 503 divide 20364458?
True
Is 6289192 a multiple of 106?
True
Is 2864879 a multiple of 11?
False
Does 102 divide 444312?
True
Does 46 divide 531053?
False
Does 601 divide 20932229?
True
Does 19 divide 1172718?
True
Is 411780 a multiple of 454?
False
Is 2609026 a multiple of 314?
True
Does 8 divide 1246248?
True
Is 3 a factor of 693766?
False
Does 3 divide 155769?
True
Is 89742 a multiple of 66?
False
Is 149 a factor of 87016?
True
Is 27 a factor of 11103426?
True
Is 227 a factor of 1702194?
False
Is 329875 a multiple of 91?
True
Is 277546 a multiple of 13?
False
Is 167 a factor of 216599?
True
Is 11 a factor of 5111634?
True
Does 64 divide 1553728?
True
Does 5 divide 58920?
True
Is 18103 a multiple of 43?
True
Is 5 a factor of 1448113?
False
Does 15 divide 870265?
False
Is 795 a factor of 12073665?
True
Is 3392928 a multiple of 224?
True
Is 355008 a multiple of 86?
True
Is 19699932 a multiple of 6?
True
Is 7 a factor of 249389?
True
Is 296487 a multiple of 290?
False
Is 219 a factor of 37866?
False
Is 658 a factor of 6839910?
True
Is 15847 a multiple of 53?
True
Is 13 a factor of 78871?
True
Is 24 a factor of 558546?
False
Is 4982734 a multiple of 256?
False
Is 39353 a multiple of 23?
True
Is 40129920 a multiple of 64?
True
Does 13 divide 695524?
False
Is 2 a factor of 49833?
False
Is 153 a factor of 1134954?
True
Is 182286 a multiple of 19?
True
Is 17 a factor of 689554?
True
Is 716541 a multiple of 44?
False
Is 209 a factor of 123548?
False
Is 33924 a multiple of 11?
True
Does 7 divide 140896?
True
Is 354 a factor of 62911?
False
Is 101 a factor of 361694?
False
Is 197 a factor of 1936313?
True
Is 74 a factor of 57720?
True
Is 166 a factor of 2587070?
False
Does 21 divide 32903?
False
Is 4644404 a multiple of 336?
False
Is 4 a factor of 124104?
True
Is 567721 a multiple of 59?
False
Does 351 divide 1246401?
True
Is 48 a factor of 774240?
True
Does 12 divide 139608?
True
Is 129 a factor of 704315?
False
Is 274 a factor of 226293?
False
Does 47 divide 174866?
False
Does 219 divide 336384?
True
Does 430 divide 444629?
False
Does 40 divide 1216160?
True
Is 14 a factor of 33724?
False
Is 164 a factor of 300120?
True
Is 22 a factor of 2582074?
True
Is 206 a factor of 763230?
True
Is 109616 a multiple of 26?
True
Does 13 divide 36546?
False
Is 2836298 a multiple of 82?
True
Is 12 a factor of 3795050?
False
Does 612 divide 168536?
False
Is 317 a factor of 2308422?
False
Does 507 divide 1246206?
True
Is 420 a factor of 1057434?
False
Is 5 a factor of 340630?
True
Is 137 a factor of 26441?
True
Does 18 divide 548829?
False
Is 323 a factor of 280628?
False
Does 184 divide 28888?
True
Is 33 a factor of 2201131?
False
Is 454212 a multiple of 396?
True
Is 18180400 a multiple of 40?
True
Is 19293 a multiple of 31?
False
Is 202389 a multiple of 35?
False
Is 40065 a multiple of 83?
False
Is 277370 a multiple of 24?
False
Is 242 a factor of 15273878?
False
Is 4334611 a multiple of 693?
False
Is 721494 a multiple of 54?
True
Does 37 divide 79140?
False
Is 13826 a multiple of 4?
False
Is 24868835 a multiple of 245?
False
Is 247600 a multiple of 83?
False
Is 1219257 a multiple of 153?
True
Is 1220 a factor of 2580300?
True
Is 7 a factor of 220516?
False
Is 90 a factor of 368249?
False
Is 18886388 a multiple of 1892?
False
Is 35 a factor of 115640?
True
Is 10 a factor of 9620?
True
Is 12 a factor of 3548868?
True
Is 800165 a multiple of 5?
True
Does 150 divide 1053597?
False
Is 145354 a multiple of 24?
False
Does 37 divide 57317?
False
Is 32708 a multiple of 962?
True
Does 14 divide 35963?
False
Is 349 a factor of 1328856?
False
Is 58 a factor of 218428?
True
Does 1352 divide 12765523?
False
Does 32 divide 44672?
True
Is 3 a factor of 120267?
True
Is 185 a factor of 1570199?
False
Is 5 a factor of 492867?
False
Does 388 divide 106721?
False
Does 183 divide 2973933?
True
Is 110 a factor of 851463?
False
Is 38388 a multiple of 5?
False
Is 1193 a factor of 1563936?
False
Is 391 a factor of 124254?
False
Is 35 a factor of 6624?
False
Is 1532 a factor of 5580337?
False
Is 131525 a multiple of 25?
True
Does 6 divide 157635?
False
Does 561 divide 111639?
True
Does 6 divide 153618?
True
Is 16 a factor of 2236688?
True
Is 246749 a multiple of 252?
False
Is 1695360 a multiple of 160?
True
Is 2527116 a multiple of 72?
False
Is 12 a factor of 34596?
True
Does 74 divide 1453286?
True
Is 37 a factor of 149332?
True
Is 42 a factor of 2700?
False
Is 172266 a multiple of 5?
False
Is 259215 a multiple of 33?
True
Does 33 divide 150901?
False
Does 12 divide 8116728?
True
Is 149 a factor of 2119507?
False
Is 26 a factor of 69971?
False
Does 56 divide 7582904?
True
Does 19 divide 934086?
False
Is 4 a factor of 6941809?
False
Is 956 a factor of 2339332?
True
Does 108 